 be (-2 - (2 - 5))*2. Suppose -g + 1 = -1. Suppose w - m*w + g = 0. What are the prime factors of w?
2
Suppose -2*a - 9 = 5*j - 3*a, -13 = -3*j - 4*a. Let f be (j + 0)/(2/68). Let u = f + 61. List the prime factors of u.
3
Let c = 370 + 293. Suppose c = 7*z - 4*z. List the prime factors of z.
13, 17
Let r be -3 + 4*6/8. Suppose r = 13*a - 7*a - 228. Suppose -3*f + a = -19. List the prime factors of f.
19
Let y be (0 - -1)*(-3 - (3 - 18)). Let c be (-3)/(-15) - 123/15. What are the prime factors of y/c*76/(-3)?
2, 19
Let g(o) = o**3 - 6*o**2 - 4. Let d be g(6). Suppose 8*w - 9*w + 570 = 0. List the prime factors of (d/6)/((-10)/w).
2, 19
Suppose 3*r + 7 = -f, -2*r - 1 - 5 = f. Let h be 2 + -1*(3 + r). Suppose -l + x + 8 = 0, 5*x + 34 - 9 = h. What are the prime factors of l?
3
Let q(y) be the second derivative of y**5/20 + y**4/12 + y**3/6 + y**2/2 - 17*y. List the prime factors of q(3).
2, 5
Let d be (-12)/(-54) - 1973/9. Let c = -372 - d. What are the prime factors of 4/(-18) - 7072/c?
2, 23
Suppose -3*v - 24 = -9*v. Let i(y) = 4*y**2 - 6*y. What are the prime factors of i(v)?
2, 5
Let w(m) = m**3 - 9*m**2 + 3*m + 1. Let q(j) = -j**3 + 10*j**2 - 4*j - 2. Let v(d) = -4*q(d) - 5*w(d). Suppose -2*n + 20 = 2*n. List the prime factors of v(n).
2
Suppose -42*q - 15 = -39*q, -6284 = -3*p + q. What are the prime factors of p?
7, 13, 23
What are the prime factors of 82628/44 + (-18)/(-198)?
2, 3, 313
Let r = -28 - -20. Let f = r - -12. Let u(s) = 7*s + 1. What are the prime factors of u(f)?
29
Let v(n) = n**3 + 18*n**2 - 14*n - 9. What are the prime factors of v(-8)?
743
Let p(i) = -5*i**2 + 13*i + 24. Let u(q) = 4*q**2 - 13*q - 23. Let y(t) = -5*p(t) - 6*u(t). List the prime factors of y(-15).
2, 3
Suppose 3*y - 10443 = 5*c - 30758, 0 = -3*y. List the prime factors of c.
17, 239
Let t be (1 + -2)*((-3 - 0) + -52). Let w = 31 + t. What are the prime factors of w?
2, 43
Let v = 23 + -23. Suppose 2*b - 30 = -4*c + 6, v = 4*c - 4*b - 36. Suppose 79 = 5*p + c. What are the prime factors of p?
2, 7
Let j = 1264 - -1532. What are the prime factors of j?
2, 3, 233
Let l(n) = -9*n - 13. Suppose -11*p - 160 + 50 = 0. What are the prime factors of l(p)?
7, 11
Suppose -3*x = 2*y + y, -4*x = -3*y + 7. List the prime factors of (-2 + 3)/(y/42).
2, 3, 7
Let f = -30 - -28. Let u = -6 + 10. List the prime factors of -13*(f - u - -1).
5, 13
Let d(o) = 20*o**3 + 8*o**2 + 8*o + 3. Let y(s) = -s**3 - s**2 - s. Let j(h) = -d(h) - 4*y(h). What are the prime factors of j(-2)?
3, 13
Suppose -2*z = 501 - 67. Let b = -3 - z. List the prime factors of b.
2, 107
Let o(a) = -14*a**2 + 5*a + 2. Let m be o(-3). Let d = -16 - m. Suppose -d - 32 = -5*z. List the prime factors of z.
31
Let m = -1061 + 1918. What are the prime factors of m?
857
Let g(d) = 5*d**3 - 3*d**2 - 4*d + 14. Let b be g(-5). List the prime factors of 1757/9 - (-8 + b/(-81)).
3, 5, 13
Suppose -2*v = 3*v + 15. Let r be v*16/12 + 176. Suppose 2*t = -4*f - t + r, 2*f = t + 86. What are the prime factors of f?
43
Suppose -178*d + 151*d = -34695. List the prime factors of d.
5, 257
Let h(x) = -x**3 + 12*x**2 + 17*x + 19. Suppose 8 = 2*n - 18. List the prime factors of h(n).
71
Suppose 19*k - b + 1134 = 20*k, 0 = 4*k + 3*b - 4532. What are the prime factors of k?
2, 5, 113
Let c(x) = -25*x + 86. List the prime factors of c(-7).
3, 29
Let a be 4/12 - (-256)/6. Suppose -2*o + a = -o. Suppose 0 = -4*l + 3*u + o, -5*l + 0*u - 2*u = -25. List the prime factors of l.
7
Let l(f) = f**3 - 27*f**2 - 73*f + 98. List the prime factors of l(31).
23, 73
Let y = -5 + 6. Let u be (-2 - (-1 - y)) + 2. Suppose -2*t + u*a = -3*a - 66, -4*t = -2*a - 164. List the prime factors of t.
43
Let t(v) = 12*v**3 + 2*v**2. Let a be t(-2). Let i = a - -126. Suppose y = q - 0*q + 28, 3*q = y - i. What are the prime factors of y?
23
Suppose -4*p = -3*p - 4*m - 505, 4*p + 5*m = 2020. List the prime factors of p.
5, 101
Let s(o) be the first derivative of 2*o**3/3 - o**2/2 - 10*o - 28. List the prime factors of s(-5).
3, 5
Suppose 11*z - 31085 = -8601. What are the prime factors of z?
2, 7, 73
Let r(v) = -v**2 + 70*v + 66. List the prime factors of r(25).
3, 397
Suppose 0 = n + 4*t + 8, 4*n + 5*t + 85 = -2. Let x = n + 56. What are the prime factors of x?
2, 7
Let b(m) = m**3 - 5*m**2 - 7*m + 8. Let s be b(6). Let l = 4 - s. Suppose -3*x + 146 = 5*y, -3*x + y = l*y - 130. What are the prime factors of x?
2, 3, 7
Let n(j) = -2*j + 1. Let x be n(-1). Suppose -x*r = -6*r + 15. Suppose i - r*q - 37 = 21, 2*i + 4*q = 46. List the prime factors of i.
3, 11
Let w(y) = -y**3 - y**2 + y. Let q(v) = v**3 - 3*v**2 - v + 6. Let p(z) = -q(z) - 2*w(z). Let b be p(-5). List the prime factors of b/(-4) + (-126)/(-8).
2
Suppose 0 = 3788*j - 3796*j + 22000. What are the prime factors of j?
2, 5, 11
Let n(p) = p**3 + 8*p**2 + 10*p - 7. Let t be n(-6). Let l(y) = -y**2 + 4*y + 9. Let b be l(t). Suppose s = -b*s + 40. List the prime factors of s.
2
List the prime factors of (-3044)/(-3) - 3*(-5)/45.
5, 7, 29
Let v(k) = -10*k - 6. Suppose -4*u = -4*x + x + 14, 3*u + 12 = 3*x. What are the prime factors of v(u)?
2, 7
Let l = 1 - -8. Suppose l - 26 = -p. List the prime factors of p.
17
Let s(r) be the second derivative of r**3/6 + 12*r**2 - 2*r. Let u(a) = -4*a + 40. Let p be u(10). List the prime factors of s(p).
2, 3
Suppose -z = -19*z + 18252. What are the prime factors of z?
2, 3, 13
List the prime factors of ((-33)/(-22))/(27/144).
2
Let i(j) = 5*j**3 + 2*j**2 + 1. Suppose -12*o + 3*o = -18. List the prime factors of i(o).
7
Suppose -4 = 3*r + 11, 4*m = -4*r + 68. Let w = m + -86. List the prime factors of 34 + (w/(-4))/(-4).
2, 3, 5
Let o = 5 - 26. Let n = -7 - o. What are the prime factors of n?
2, 7
Let q(s) = -2*s + 8. Let b be q(6). Let x(k) = -k + 2*k**2 - 5*k - 5 + 1 + 5*k. What are the prime factors of x(b)?
2
Let f = 3 - 1. Suppose -3*q + 2*q = 5*d - 5, -4 = -4*d + f*q. Let p(m) = 38*m**3 + m**2 - 2*m + 1. List the prime factors of p(d).
2, 19
Let i = 53 - -239. Suppose 0 = -14*x + 18*x - i. What are the prime factors of x?
73
Suppose 7391 = 7*b - 1023. List the prime factors of b.
2, 601
Suppose 0 = -188*m + 190*m - 1448. What are the prime factors of m?
2, 181
Let s be (3 + (2 - 6))*-5. Let p be 12/(-20) - (-23)/s. Suppose 0 = -3*u - u - p*a + 76, -3*a + 29 = u. What are the prime factors of u?
2, 7
Let z(h) = 7*h**2 + 19*h + 27. List the prime factors of z(7).
503
Let d(w) = -31*w + 269. List the prime factors of d(-18).
827
Let f = 166 - -303. List the prime factors of f.
7, 67
Suppose u - r - 11 = 0, -2*u + 16 = r - 3. Let b(j) = j. Let d be b(5). List the prime factors of -11*d*(-6)/u.
3, 11
Let p(w) = 3*w**2 - 11*w + 121. What are the prime factors of p(25)?
1721
Let w(v) = -v**2 + 14*v + 7. Let y be w(15). Let l be 516/48 - (-6)/y. Let m = l + 1. What are the prime factors of m?
11
List the prime factors of (((-752)/10)/2)/((-302)/755).
2, 47
Let q = 41 + -13. Suppose 4*i = 3*i + 2*o + 22, 0 = -5*i + 3*o + 75. Suppose 2*n - 2*j = q, -3*n + 0*j = 3*j - i. What are the prime factors of n?
3
Let h = -94 + 176. List the prime factors of h.
2, 41
Let q(k) = 2*k + 5*k - 3*k + k. Let g be q(-2). Let n(y) = -y**2 - 11*y + 14. List the prime factors of n(g).
2, 3
Suppose -5*t + 20 = 0, -3*k - t = -5*k + 544. What are the prime factors of k?
2, 137
Let u(b) = -79*b + 4. Suppose -45 = 7*g + 8*g. List the prime factors of u(g).
241
Let g be (1 - -1)/((-8)/28). Let v(f) = -f**3 - 3*f**2 + 5*f - 1. Let m be v(g). List the prime factors of (6/15)/(4/m).
2
Let s(c) = -4*c**3 - 7*c**2 - 12*c - 13. What are the prime factors of s(-3)?
2, 17
Suppose -7*n - 589 = -2549. What are the prime factors of n?
2, 5, 7
Suppose 17 + 6 = -b. Let z = 51 + b. What are the prime factors of z?
2, 7
Suppose -x - 5*j + 104 = 30, x + 3*j - 66 = 0. Suppose -2*r - w + 263 = -x, 2*w + 156 = r. What are the prime factors of r?
2, 79
Suppose 65 = -12*i + 2741. List the prime factors of i.
223
Let g(l) = 63*l - 963. List the prime factors of g(61).
2, 3, 5
Let y be (6/9)/((-4)/(-102)). Let g be ((-49)/(-21))/((-1)/(-6)). Suppose -g*w = -y*w + 60. What are the prime factors of w?
2, 5
Let a(g) = 5*g**2 + 10. Let k = -21 - -26. List the prime factors of a(k).
3, 5
Let j = 15 + -8. Let k(w) = -